 when 6662 is divided by 326.
142
What is the remainder when 1753 is divided by 579?
16
What is the remainder when 302162 is divided by 75539?
6
What is the remainder when 601454 is divided by 296?
278
Calculate the remainder when 4171 is divided by 308.
167
What is the remainder when 292653 is divided by 67?
64
Calculate the remainder when 4478 is divided by 54.
50
What is the remainder when 7554 is divided by 7548?
6
Calculate the remainder when 4685 is divided by 928.
45
Calculate the remainder when 218552 is divided by 998.
988
What is the remainder when 7091 is divided by 21?
14
Calculate the remainder when 991590 is divided by 991586.
4
What is the remainder when 36637 is divided by 691?
14
Calculate the remainder when 7353 is divided by 185.
138
Calculate the remainder when 14057 is divided by 14056.
1
Calculate the remainder when 42558 is divided by 80.
78
Calculate the remainder when 569 is divided by 2.
1
What is the remainder when 1137 is divided by 304?
225
Calculate the remainder when 2588989 is divided by 7.
4
What is the remainder when 656 is divided by 73?
72
Calculate the remainder when 85844 is divided by 177.
176
Calculate the remainder when 2306 is divided by 1143.
20
Calculate the remainder when 154027 is divided by 38506.
3
What is the remainder when 515580 is divided by 304?
300
Calculate the remainder when 266995 is divided by 61.
59
What is the remainder when 506193 is divided by 37?
33
What is the remainder when 55429 is divided by 1610?
689
Calculate the remainder when 441802 is divided by 129.
106
Calculate the remainder when 1535 is divided by 66.
17
What is the remainder when 32382 is divided by 22?
20
Calculate the remainder when 121431 is divided by 83.
2
What is the remainder when 135953 is divided by 26?
25
What is the remainder when 4459270 is divided by 149?
147
What is the remainder when 250183 is divided by 21?
10
What is the remainder when 2300 is divided by 135?
5
Calculate the remainder when 122248 is divided by 5315.
3
Calculate the remainder when 7305 is divided by 269.
42
Calculate the remainder when 299620 is divided by 75.
70
Calculate the remainder when 34675 is divided by 1051.
1043
What is the remainder when 4048 is divided by 2583?
1465
Calculate the remainder when 6560 is divided by 816.
32
What is the remainder when 9409 is divided by 285?
4
Calculate the remainder when 13312 is divided by 180.
172
Calculate the remainder when 20820 is divided by 484.
8
Calculate the remainder when 2833 is divided by 933.
34
Calculate the remainder when 342920 is divided by 152.
8
Calculate the remainder when 143538 is divided by 39.
18
What is the remainder when 1407 is divided by 807?
600
Calculate the remainder when 2084031 is divided by 606.
603
What is the remainder when 6043 is divided by 14?
9
What is the remainder when 2761872 is divided by 15?
12
Calculate the remainder when 128161 is divided by 359.
357
What is the remainder when 32834 is divided by 483?
473
What is the remainder when 11256 is divided by 11239?
17
Calculate the remainder when 28583 is divided by 85.
23
What is the remainder when 1902 is divided by 111?
15
Calculate the remainder when 42317 is divided by 46.
43
Calculate the remainder when 6351 is divided by 3174.
3
Calculate the remainder when 16061 is divided by 21.
17
Calculate the remainder when 27795 is divided by 74.
45
What is the remainder when 58724 is divided by 405?
404
What is the remainder when 1716 is divided by 564?
24
What is the remainder when 8634 is divided by 27?
21
What is the remainder when 11324 is divided by 108?
92
Calculate the remainder when 176033 is divided by 39.
26
Calculate the remainder when 6564 is divided by 74.
52
Calculate the remainder when 3137 is divided by 156.
17
What is the remainder when 14984 is divided by 177?
116
What is the remainder when 49935 is divided by 7132?
11
Calculate the remainder when 711 is divided by 23.
21
Calculate the remainder when 466323 is divided by 6.
3
What is the remainder when 536 is divided by 468?
68
Calculate the remainder when 9115 is divided by 2991.
142
What is the remainder when 6984 is divided by 794?
632
What is the remainder when 14076 is divided by 231?
216
What is the remainder when 288628 is divided by 281?
41
What is the remainder when 28835 is divided by 664?
283
What is the remainder when 1693 is divided by 335?
18
Calculate the remainder when 72585 is divided by 24195.
0
Calculate the remainder when 977828 is divided by 216.
212
What is the remainder when 1503 is divided by 370?
23
Calculate the remainder when 7448 is divided by 619.
20
Calculate the remainder when 1710112 is divided by 295.
292
Calculate the remainder when 80386 is divided by 348.
346
Calculate the remainder when 191328 is divided by 6168.
120
Calculate the remainder when 7673 is divided by 403.
16
What is the remainder when 352141 is divided by 1111?
1065
Calculate the remainder when 99407 is divided by 58.
53
What is the remainder when 7054749 is divided by 43?
40
What is the remainder when 60964 is divided by 2770?
24
What is the remainder when 168 is divided by 88?
80
What is the remainder when 41408 is divided by 10345?
28
Calculate the remainder when 681329 is divided by 131.
129
Calculate the remainder when 4556 is divided by 7.
6
Calculate the remainder when 57910 is divided by 94.
6
What is the remainder when 60229 is divided by 51?
49
What is the remainder when 171740 is divided by 32?
28
What is the remainder when 811 is divided by 50?
11
Calculate the remainder when 1097 is divided by 540.
17
What is the remainder when 29059 is divided by 6?
1
Calculate the remainder when 940004 is divided by 405.
404
What is the remainder when 36596 is divided by 120?
116
Calculate the remainder when 14623 is divided by 10.
3
Calculate the remainder when 2550 is divided by 41.
8
Calculate the remainder when 104634 is divided by 76.
58
Calculate the remainder when 62047 is divided by 1173.
1051
Calculate the remainder when 303783 is divided by 52.
51
Calculate the remainder when 5489484 is divided by 206.
202
Calculate the remainder when 23909 is divided by 119.
109
Calculate the remainder when 18114 is divided by 6.
0
What is the remainder when 515 is divided by 16?
3
Calculate the remainder when 679 is divided by 39.
16
Calculate the remainder when 10990 is divided by 1439.
917
What is the remainder when 1824 is divided by 407?
196
What is the remainder when 722 is divided by 63?
29
What is the remainder when 2650 is divided by 531?
526
Calculate the remainder when 35692 is divided by 59.
56
Calculate the remainder when 4678 is divided by 592.
534
Calculate the remainder when 2275 is divided by 181.
103
Calculate the remainder when 188184 is divided by 61.
60
Calculate the remainder when 64647 is divided by 107.
19
Calculate the remainder when 5104 is divided by 223.
198
Calculate the remainder when 317 is divided by 201.
116
Calculate the remainder when 171967 is divided by 64.
63
What is the remainder when 27551 is divided by 6768?
479
Calculate the remainder when 35719 is divided by 35698.
21
Calculate the remainder when 129576 is divided by 30.
6
What is the remainder when 1781 is divided by 579?
44
What is the remainder when 13494 is divided by 20?
14
Calculate the remainder when 60835 is divided by 1738.
5
What is the remainder when 162052 is divided by 32406?
22
What is the remainder when 115392 is divided by 57690?
12
Calculate the remainder when 63356 is divided by 292.
284
What is the remainder when 29963 is divided by 141?
71
What is the remainder when 229646 is divided by 33?
32
Calculate the remainder when 232383 is divided by 1.
0
Calculate the remainder when 684492 is divided by 45.
42
Calculate the remainder when 2492 is divided by 1814.
678
What is the remainder when 308 is divided by 25?
8
Calculate the remainder when 2772256 is divided by 161.
158
What is the remainder when 118476 is divided by 7?
1
What is the remainder when 2685 is divided by 69?
63
Calculate the remainder when 2437 is divided by 122.
119
What is the remainder when 9130 is divided by 4557?
16
What is the remainder when 184894 is divided by 24?
22
Calculate the remainder when 8372 is divided by 7.
0
What is the remainder when 26983 is divid